2206?
169
Calculate the remainder when 89043 is divided by 130.
123
Calculate the remainder when 278016 is divided by 165.
156
What is the remainder when 4170486 is divided by 4918?
22
What is the remainder when 7594785 is divided by 379738?
25
Calculate the remainder when 61016 is divided by 15040.
856
Calculate the remainder when 65392 is divided by 65295.
97
What is the remainder when 393841578 is divided by 2183?
2182
Calculate the remainder when 937022 is divided by 412.
134
Calculate the remainder when 4824579 is divided by 209764.
7
What is the remainder when 5979627 is divided by 114?
99
What is the remainder when 21989 is divided by 10684?
621
What is the remainder when 690953 is divided by 10796?
9
What is the remainder when 8627894 is divided by 4582?
4570
What is the remainder when 252996 is divided by 613?
440
Calculate the remainder when 86291 is divided by 5896.
3747
Calculate the remainder when 4246628 is divided by 1346.
1344
Calculate the remainder when 11423 is divided by 836.
555
What is the remainder when 645824 is divided by 7257?
7208
What is the remainder when 3628561 is divided by 4393?
4336
Calculate the remainder when 588589 is divided by 172.
5
Calculate the remainder when 7227751 is divided by 2983.
2925
Calculate the remainder when 15478484 is divided by 5.
4
What is the remainder when 35631197 is divided by 261?
260
What is the remainder when 1417844828 is divided by 9883?
9882
What is the remainder when 1655380 is divided by 1025?
5
What is the remainder when 76368932 is divided by 128784?
20
What is the remainder when 3179361 is divided by 187017?
72
What is the remainder when 20499275 is divided by 438?
437
What is the remainder when 105901 is divided by 25637?
3353
What is the remainder when 106647 is divided by 26652?
39
Calculate the remainder when 14580 is divided by 12853.
1727
Calculate the remainder when 534 is divided by 60.
54
What is the remainder when 3874395 is divided by 21171?
102
What is the remainder when 31293072 is divided by 33?
30
Calculate the remainder when 100403 is divided by 33425.
128
What is the remainder when 1306628 is divided by 476?
8
Calculate the remainder when 7864508 is divided by 311.
251
Calculate the remainder when 133302 is divided by 3479.
1100
What is the remainder when 165382 is divided by 934?
64
Calculate the remainder when 53384 is divided by 5105.
2334
What is the remainder when 23829595 is divided by 4715?
4700
What is the remainder when 30167281 is divided by 106?
105
What is the remainder when 134364 is divided by 7146?
5736
What is the remainder when 44954 is divided by 2978?
284
Calculate the remainder when 1503420 is divided by 1503412.
8
What is the remainder when 6613297 is divided by 1215?
52
What is the remainder when 653455 is divided by 4110?
4075
What is the remainder when 4781770 is divided by 17?
10
Calculate the remainder when 416528 is divided by 6.
2
Calculate the remainder when 15871729 is divided by 10525.
29
What is the remainder when 62910 is divided by 1904?
78
Calculate the remainder when 46791712 is divided by 1029.
1024
Calculate the remainder when 32607 is divided by 985.
102
Calculate the remainder when 2576320 is divided by 485.
0
What is the remainder when 268534 is divided by 19174?
98
Calculate the remainder when 2271 is divided by 1132.
7
What is the remainder when 40963828 is divided by 20481911?
6
Calculate the remainder when 750847 is divided by 375274.
299
Calculate the remainder when 17429 is divided by 3915.
1769
What is the remainder when 5379830 is divided by 107596?
30
What is the remainder when 56673 is divided by 54471?
2202
Calculate the remainder when 19332955 is divided by 1439.
1429
What is the remainder when 680205 is divided by 56597?
1041
Calculate the remainder when 219652 is divided by 2997.
871
Calculate the remainder when 19142582 is divided by 8244.
14
What is the remainder when 390063 is divided by 373?
278
Calculate the remainder when 80260108 is divided by 3045.
3043
Calculate the remainder when 127912 is divided by 3852.
796
Calculate the remainder when 77989120 is divided by 19.
10
Calculate the remainder when 80075 is divided by 1270.
65
What is the remainder when 16246747 is divided by 24?
19
Calculate the remainder when 281748 is divided by 21220.
5888
What is the remainder when 187515855 is divided by 638?
637
Calculate the remainder when 10873869 is divided by 15.
9
What is the remainder when 7566811 is divided by 479?
48
What is the remainder when 86044979 is divided by 147?
146
What is the remainder when 44705544 is divided by 86?
78
Calculate the remainder when 3824735 is divided by 3418.
3411
Calculate the remainder when 39323 is divided by 4451.
3715
Calculate the remainder when 78722 is divided by 78599.
123
Calculate the remainder when 10574878 is divided by 791.
790
Calculate the remainder when 13102782 is divided by 345.
27
Calculate the remainder when 22376555 is divided by 36.
35
Calculate the remainder when 6631 is divided by 5858.
773
Calculate the remainder when 551451997 is divided by 2000.
1997
Calculate the remainder when 87290 is divided by 2277.
764
What is the remainder when 2278522 is divided by 3117?
3112
What is the remainder when 6687830 is divided by 145?
140
Calculate the remainder when 2372693 is divided by 173.
171
Calculate the remainder when 381677 is divided by 260.
257
Calculate the remainder when 586114 is divided by 38.
2
Calculate the remainder when 7926452 is divided by 10755.
17
What is the remainder when 1751372 is divided by 250194?
14
What is the remainder when 23598 is divided by 23351?
247
What is the remainder when 2708335 is divided by 1316?
7
Calculate the remainder when 53810749 is divided by 3170.
3169
What is the remainder when 502644 is divided by 251305?
34
Calculate the remainder when 6625975 is divided by 20018.
17
What is the remainder when 382892 is divided by 15950?
92
Calculate the remainder when 281159 is divided by 56047.
924
What is the remainder when 9181985 is divided by 135?
95
What is the remainder when 12039893 is divided by 10?
3
What is the remainder when 124663524 is divided by 7?
6
What is the remainder when 4435986 is divided by 8?
2
Calculate the remainder when 1817166 is divided by 86526.
120
Calculate the remainder when 1015028 is divided by 186.
26
What is the remainder when 63379 is divided by 2724?
727
What is the remainder when 27122762 is divided by 258312?
2
Calculate the remainder when 426980 is divided by 370.
0
What is the remainder when 3865081 is divided by 772982?
171
What is the remainder when 12037 is divided by 1599?
844
What is the remainder when 124327 is divided by 20716?
31
What is the remainder when 19286 is divided by 9235?
816
Calculate the remainder when 1244348 is divided by 3354.
14
Calculate the remainder when 70508126 is divided by 35254017.
92
Calculate the remainder when 36285 is divided by 18073.
139
What is the remainder when 541765 is divided by 16139?
9178
Calculate the remainder when 33390 is divided by 85.
70
Calculate the remainder when 4832154 is divided by 604019.
2
Calculate the remainder when 700451 is divided by 4454.
1173
Calculate the remainder when 353541 is divided by 11338.
2063
What is the remainder when 9083847 is divided by 7?
3
Calculate the remainder when 48808 is divided by 15860.
1228
Calculate the remainder when 3586812 is divided by 1084.
940
Calculate the remainder when 1009973 is divided by 591.
545
Calculate the remainder when 81662908 is divided by 490.
488
What is the remainder when 1873737 is divided by 66918?
33
Calculate the remainder when 4588372 is divided by 22.
8
What is the remainder when 2596957 is divided by 286?
77
What is the remainder when 3239 is divided by 174?
107
What is the remainder when 7449928 is divided by 16855?
18
What is the remainder when 123590 is divided by 122062?
1528
What is the remainder when 1195855 is divided by 20?
15
Calculate the remainder when 116574 is divided by 417.
231
What is the remainder when 595383 is divided by 675?
33
What is the remainder when 69777772 is divided by 6?
4
What is the remainder when 7721751 is divided by 407?
147
Calculate the remainder when 50505701 is divided by 3339.
3326
Calculate the remainder when